e units digit of p?
2
Let d(r) be the second derivative of -r**4/12 - r**3/6 + 9*r**2/2 + 2*r. Let f be d(0). What is the units digit of (f/5)/(2/10)?
9
Let m = 199 + -79. What is the tens digit of m?
2
Suppose -265*l = -271*l + 1512. What is the hundreds digit of l?
2
What is the units digit of 7/56 + 3135/8?
2
Let v(o) = 78*o**3 - 2*o**2 + 4*o - 12. What is the hundreds digit of v(2)?
6
Let q(f) = 3 + 9*f**2 - 16*f**3 - 9*f**2 - 4. Let s be q(-1). Let k = 17 + s. What is the units digit of k?
2
Suppose -2*a = -4*j - 335 + 63, 2*a + 5*j = 272. Let p = -107 + a. What is the units digit of p?
9
Suppose 110*z - 49560 = 90*z. What is the thousands digit of z?
2
Suppose 4*n = 4*o + 1900, -2*n + 1429 = n - 5*o. What is the hundreds digit of n?
4
Let s(q) be the third derivative of 5*q**4/24 - 3*q**3/2 - q**2. Suppose -5*m - 4 = -39. What is the units digit of s(m)?
6
Let g = -647 + 1016. What is the units digit of g?
9
Suppose 11*q - 29 = 4. Let u(l) = 4*l**2 + l + 6. What is the units digit of u(q)?
5
Suppose 4*n = 4*z - 660, -4*z + n + 695 = 4*n. Let b = -98 + z. What is the units digit of b?
2
Let y = 30 - 39. Let d(n) = -n**3 - 8*n**2 + 2*n - 15. What is the units digit of d(y)?
8
Let l be (1 - 144) + -1 + (2 - 4). Let w = l - -233. What is the tens digit of w?
8
Let f = -47 + 47. Suppose f = 2*g + 2*g + 2*m - 692, 2*g - 362 = 3*m. What is the tens digit of g?
7
Suppose -4*l = 2*h + l - 357, -4*h = -2*l - 774. Suppose 5*s - s - 187 = p, h = 4*s + 3*p. What is the tens digit of s?
4
Let z be (4/(-6))/(6/(-45)). Suppose -t - 420 = 3*h - 7*h, 5*h + 2*t - 525 = 0. Suppose h = 3*g - 3*w, -3*w = -z*g + 131 + 50. What is the tens digit of g?
3
Let k = 2 - 14. Suppose -2*g + 11 + 29 = 0. Let y = k + g. What is the units digit of y?
8
Suppose 73 = k - 2*d, -32 + 306 = 3*k + 5*d. What is the units digit of k?
3
Suppose 22*f - 2268 = 13*f. What is the hundreds digit of f?
2
Let s(r) = -2*r**2 - 38*r - 24. Let k be s(-17). Let o = k - 35. What is the units digit of o?
9
Let i(u) = u**2 - 16*u + 46. Let s be i(20). Suppose 111*x - 110*x = s. What is the units digit of x?
6
Suppose 3*w - 2*u - 427 = 0, 3*u = -0*w + w - 147. What is the tens digit of w?
4
Suppose -4*n - 30 = 4*r - 438, -4*n - 2*r = -406. Suppose 2*u = n - 9. What is the tens digit of u?
4
Let i(a) = -2*a**3 + 29*a**2 + 145*a + 8. What is the tens digit of i(-9)?
1
Let x(l) = 3*l - 6. Let r be x(3). Suppose -87 = -3*y + h, 19 + 39 = 2*y - r*h. What is the tens digit of y?
2
Suppose 4*d - 21 = -3*x + 5, -4*d = -4*x + 44. Let s = 13 - x. What is the tens digit of (26/4)/(s/6)?
1
What is the units digit of ((-504)/12)/(3/(-6))?
4
Suppose 3*m + 259 = 4*v + 825, 3*v = -5*m - 410. Let l = v + 406. What is the tens digit of l?
6
What is the tens digit of -1 + 2243 + (-4)/(28/49)?
3
Let f(z) be the third derivative of 17*z**4/8 - 19*z**3/6 + 14*z**2. What is the tens digit of f(3)?
3
Let c be ((-14)/(-3))/(2/(-2 - -14)). Suppose 3*u = 11*k - 7*k + c, 2*k = u - 10. What is the units digit of u?
8
What is the hundreds digit of 468 + -1 + (-1)/((-3)/3)?
4
Let p = -937 + 941. Let m(g) = 3*g + 1. Let o be m(1). What is the tens digit of 13 - 2/p*o?
1
What is the hundreds digit of (-56 - -30)*26/(-4)?
1
Let b(r) = -187*r + 14. What is the units digit of b(-2)?
8
Suppose 0 = 19*t - 13389 + 2730. What is the hundreds digit of t?
5
Let s = 753 + -446. What is the hundreds digit of s?
3
What is the tens digit of ((-1925)/(-10) + -3)*(-1 - -5)?
5
Suppose -9541 = -2*k - 4*c + 6049, -k + 3*c + 7795 = 0. What is the units digit of k/45 - (-6)/(-27)?
3
What is the hundreds digit of (0 + 538)*(-22)/(-44)?
2
Suppose -2*c - 12 = -4*a, 0 = -2*a - 2*a + 16. Suppose 73 = -11*b + 458. Let x = b - c. What is the units digit of x?
3
Suppose 460 = 2*j + 3*j. What is the tens digit of 3/(-9) - j/(-6)?
1
Let i = 71 + -51. What is the units digit of 3/1*i/12?
5
Let d = 1447 - 749. What is the tens digit of d?
9
Let n(i) = -371*i**2 + 4*i + 4. Let h be n(-1). What is the tens digit of (-1)/5 - h/5?
7
Let w = 374 - 130. Suppose z + p + 6 = 4*p, -4*z + 24 = 4*p. Suppose j = -z*j + w. What is the tens digit of j?
6
Let r(j) = -17*j**2 + j + 2. Let a(n) = -n**2 - n. Let t(f) = -2*a(f) - r(f). What is the units digit of t(-3)?
6
Let w be 4/10*5 + 1. Suppose -26 = -w*s + 79. What is the tens digit of s?
3
Suppose 2*c - 10*c = 0. Suppose -m + 2*r = -3*r - 81, 3*m + r - 195 = c. What is the units digit of m?
6
Suppose 0 = 11*h - 13 - 31. Suppose -f = h*d - 80, 0 = -4*d - 2*f + 54 + 26. What is the units digit of d?
0
Let n be -8*2/(-12)*3. Suppose -n*y + 2*y + 10 = 0. What is the units digit of (-1 - 0)/((-1)/y)?
5
What is the tens digit of (1452/(-10))/(16/(-80))?
2
Let i(r) = 83*r**2 - 2*r + 1. Suppose 5*k - 8 = -3. What is the tens digit of i(k)?
8
Let x = -1228 - -2135. What is the tens digit of x?
0
Suppose 5*w - 4*q = -209, 2*q - q = 1. Let v = -35 - w. What is the units digit of v?
6
Let a = 1276 - -1198. What is the thousands digit of a?
2
Suppose -2*o - 2 = 4*c, -5*o - 4*c = -3 - 10. Suppose 0*j - o*j + 2*i = 148, -j - 5*i - 8 = 0. Let s = -18 - j. What is the tens digit of s?
1
Let h(c) = 236*c**2 + 6*c - 2. What is the hundreds digit of h(-3)?
1
Let s(h) be the second derivative of h**5/20 - h**4/2 - h**3 + 12*h. What is the units digit of s(7)?
7
Suppose 0 = 9*g - 1 - 26. Suppose -2*p + g*n + 55 = 0, p = -2*p - 4*n + 108. What is the tens digit of p?
3
Suppose 9*m - 285 = -6*m. Suppose 5194 + 1000 = m*r. What is the units digit of r?
6
Suppose 0*c = 2*c. Suppose d - 124 + 53 = c. Suppose -3*m = 8 + 7, -5*m + d = 4*k. What is the tens digit of k?
2
Suppose -844 = -4*n + 4*q, 3*n - 507 = 5*q + 134. Let r be -1*0/(-1) + n. Let x = r - 146. What is the tens digit of x?
6
Suppose -5*o = -6*o, 5*t = -3*o. Suppose t = 2*n - 8 - 28. What is the tens digit of n?
1
Suppose 0 = k - 4*j - 1218, j - 6026 = -5*k + 5*j. What is the hundreds digit of k?
2
Suppose -6*w + 1198 + 194 = 0. What is the units digit of w?
2
Let o(x) = -4*x**3 - x**2 + 15*x + 5. Let l be o(-4). Let j = 390 - l. What is the units digit of j?
5
Let f(u) = -4 + 1 - 5*u + 4*u. Let c be f(-5). Suppose 59 = 5*x - b, x + 3*x = -c*b + 36. What is the units digit of x?
1
Suppose 0 = 4*i - 7 - 1. Suppose 3*w = -0*u - i*u + 270, -2*w + 8 = 0. What is the tens digit of u/6 + 18/(-12)?
2
Let d be 158 - (-8)/12*-3. Suppose d = 3*p + 3*p. Suppose 0 = -5*h - p + 156. What is the units digit of h?
6
Let i be (1/1)/(1/5). Suppose -3*g + 15 + 77 = a, -i*g = -5*a - 140. What is the tens digit of g?
3
Let b = 9 - 173. Let w = 91 + 139. Let m = b + w. What is the units digit of m?
6
Let m = 133 - 71. Suppose 2*a - 2*n - 74 = 0, 2*a + n - 21 = m. What is the units digit of a?
0
Let y(b) = -260*b + 96. What is the hundreds digit of y(-9)?
4
Suppose 2*x - 3*n = 14, 0*x - 5*n + 2 = 3*x. Suppose 2 = -x*k + 4*u + 218, 0 = -k + 3*u + 52. What is the tens digit of k?
5
Suppose -20 = -5*h, 5*d + 173 = -h + 1612. What is the tens digit of d?
8
Let l = 63 + -61. Let k = -6 + 10. Suppose -l*g - 56 = -k*g. What is the units digit of g?
8
Let m(f) = -4*f + 10. Let l be m(0). Let o be (-5)/1 - l/(-5). Let q(x) = -2*x**3 + 3*x**2 + 4*x - 1. What is the tens digit of q(o)?
6
Let y = 12 + -22. Let h be (-1)/((y/8)/5). Let r = h - -2. What is the units digit of r?
6
Let z = -2 - -268. What is the tens digit of z?
6
Let s(o) = o**3 + 6*o**2 - 3*o + 5. Let w be s(-6). Let n(m) = w - 47 - 16*m + 23 - m. What is the units digit of n(-5)?
4
Suppose z + 1 = 0, 24 + 174 = s - 4*z. Suppose -4*d - s = -3*m, -3*m + 0*d = d - 214. What is the units digit of m?
0
Let j be 0 - (4 + -2 - -1). Let w(b) = 3*b - 9. Let m be w(j). What is the units digit of (14 + m)/(2/(-7))?
4
Let c be (-3 - -2) + (-4 - -9). Let r be c/(-16) - (-117)/(-12). What is the tens digit of (95/r)/((-3)/6)?
1
Let b = 128 - 44. Let k = 15 + b. What is the units digit of k?
9
Suppose -w - 5 = -0, -25 = -5*b + 5*w. Suppose 3*c - 50 = -4*m, b = 4*m + 4*c + c - 54. What is the tens digit of m?
1
Let z be (24/(-15))/(-4) + 92/20. Suppose z*w - 56 - 69 = 0. What is the tens digit of w?
2
Let v = -9 + 9. Suppose v = j - 0*j. Suppose k - 3*g - 1 = 0, 4*k - 4*g - 2 - 2 = j. What is the units digit of k?
1
Let x = 63 + -68. What is the units digit of (x